{"id":108,"date":"2016-11-28T16:29:49","date_gmt":"2016-11-28T16:29:49","guid":{"rendered":"http:\/\/schuetzencops.apps-1and1.net\/?page_id=108"},"modified":"2024-01-09T06:36:42","modified_gmt":"2024-01-09T06:36:42","slug":"mithemdundkrawatte","status":"publish","type":"page","link":"https:\/\/wp.schuetzencorps.de\/?page_id=108","title":{"rendered":"#mithemdundkrawatte"},"content":{"rendered":"<p>Vergehen f\u00fcr euch die Monate bis zum n\u00e4chsten Sch\u00fctzenfest auch so langsam?<\/p>\n<p>M\u00f6chtet Ihr gern viel \u00f6fter euer schickes wei\u00dfes Sch\u00fctzenfesthemd und eure schnieke gr\u00fcne Krawatte tragen?<br \/>\nMit unserer Aktion <em>#mithemdundkrawatte<\/em> habt Ihr nun die Chance dazu und werdet gleichzeitig Teil des n\u00e4chsten Kameradschaftsabend.<\/p>\n<p>Was m\u00fcsst Ihr daf\u00fcr tun?<br \/>\nSchie\u00dft ein Foto in eurem Urlaub von tollen Pl\u00e4tzen, beim Bungeejumping oder beim Skilaufen in den Alpen. Ihr m\u00fcsst nat\u00fcrlich auch (mit wei\u00dfem Hemd und Krawatte) auf dem Foto zu finden sein.<\/p>\n<p>Schickt das Foto im Anschluss an die E-Mail-Adresse WebmasterSchuetzencorps@TobiasNagler.com, wir sammeln dann eure Kunstwerke. Beim Diavortrag werden die geschossenen Werke pr\u00e4sentiert und vielleicht sogar zu dem ein oder anderen Bild eine kleine Geschichte erz\u00e4hlt.<\/p>\n","protected":false},"excerpt":{"rendered":"<p>Vergehen f\u00fcr euch die Monate bis zum n\u00e4chsten Sch\u00fctzenfest auch so langsam? M\u00f6chtet Ihr gern viel \u00f6fter euer schickes wei\u00dfes Sch\u00fctzenfesthemd und eure schnieke gr\u00fcne Krawatte tragen? Mit unserer Aktion #mithemdundkrawatte habt Ihr nun die Chance dazu und werdet gleichzeitig &hellip;<\/p>\n<p class=\"read-more\"> <a class=\"more-link\" href=\"https:\/\/wp.schuetzencorps.de\/?page_id=108\"> <span class=\"screen-reader-text\">#mithemdundkrawatte<\/span> Weiterlesen &raquo;<\/a><\/p>\n","protected":false},"author":1,"featured_media":0,"parent":117,"menu_order":5,"comment_status":"closed","ping_status":"closed","template":"","meta":{"footnotes":""},"class_list":["post-108","page","type-page","status-publish","hentry"],"_links":{"self":[{"href":"https:\/\/wp.schuetzencorps.de\/index.php?rest_route=\/wp\/v2\/pages\/108","targetHints":{"allow":["GET"]}}],"collection":[{"href":"https:\/\/wp.schuetzencorps.de\/index.php?rest_route=\/wp\/v2\/pages"}],"about":[{"href":"https:\/\/wp.schuetzencorps.de\/index.php?rest_route=\/wp\/v2\/types\/page"}],"author":[{"embeddable":true,"href":"https:\/\/wp.schuetzencorps.de\/index.php?rest_route=\/wp\/v2\/users\/1"}],"replies":[{"embeddable":true,"href":"https:\/\/wp.schuetzencorps.de\/index.php?rest_route=%2Fwp%2Fv2%2Fcomments&post=108"}],"version-history":[{"count":10,"href":"https:\/\/wp.schuetzencorps.de\/index.php?rest_route=\/wp\/v2\/pages\/108\/revisions"}],"predecessor-version":[{"id":3891,"href":"https:\/\/wp.schuetzencorps.de\/index.php?rest_route=\/wp\/v2\/pages\/108\/revisions\/3891"}],"up":[{"embeddable":true,"href":"https:\/\/wp.schuetzencorps.de\/index.php?rest_route=\/wp\/v2\/pages\/117"}],"wp:attachment":[{"href":"https:\/\/wp.schuetzencorps.de\/index.php?rest_route=%2Fwp%2Fv2%2Fmedia&parent=108"}],"curies":[{"name":"wp","href":"https:\/\/api.w.org\/{rel}","templated":true}]}}