{"id":2649,"date":"2017-05-30T13:43:56","date_gmt":"2017-05-30T13:43:56","guid":{"rendered":"http:\/\/wp.schuetzencorps.de\/?page_id=2649"},"modified":"2025-05-19T11:33:34","modified_gmt":"2025-05-19T11:33:34","slug":"ummarschstrecken-2017","status":"publish","type":"page","link":"https:\/\/wp.schuetzencorps.de\/?page_id=2649","title":{"rendered":"Ummarschstrecken 2025"},"content":{"rendered":"\r\n<p><strong>Ummarschstrecken 2025 (Version Sch\u00fctzencorps)<\/strong><\/p>\r\n<table class=\" alignleft\" style=\"width: 80%; border-style: dotted;\" width=\"80%\">\r\n<tbody>\r\n<tr>\r\n<td width=\"160\"><strong>Mittwoch, 02.07.2025<\/strong><\/td>\r\n<td width=\"491\">\u00a0<\/td>\r\n<\/tr>\r\n<tr>\r\n<td>19.00 Uhr<\/td>\r\n<td>Deichend<\/td>\r\n<\/tr>\r\n<tr>\r\n<td>\u00a0<\/td>\r\n<td>Am Friedensplatz<\/td>\r\n<\/tr>\r\n<tr>\r\n<td>\u00a0<\/td>\r\n<td>Lange Str.<\/td>\r\n<\/tr>\r\n<tr>\r\n<td>\u00a0<\/td>\r\n<td>Festplatz<\/td>\r\n<\/tr>\r\n<tr>\r\n<td>\u00a0<\/td>\r\n<td>\u00a0<\/td>\r\n<\/tr>\r\n<tr>\r\n<td><strong>Donnerstag, 03.07.2025<\/strong><\/td>\r\n<td>\u00a0<\/td>\r\n<\/tr>\r\n<tr>\r\n<td>08:30 Uhr<\/td>\r\n<td>Stadthaus<\/td>\r\n<\/tr>\r\n<tr>\r\n<td>\u00a0<\/td>\r\n<td>Lukenstra\u00dfe (KiTa)<\/td>\r\n<\/tr>\r\n<tr>\r\n<td>\u00a0<\/td>\r\n<td>M\u00fchlendamm<\/td>\r\n<\/tr>\r\n<tr>\r\n<td>\u00a0<\/td>\r\n<td>Wiesenstra\u00dfe<\/td>\r\n<\/tr>\r\n<tr>\r\n<td>\u00a0<\/td>\r\n<td>K\u00e4rrnerstra\u00dfe<\/td>\r\n<\/tr>\r\n<tr>\r\n<td>\u00a0<\/td>\r\n<td>Bergstra\u00dfe<\/td>\r\n<\/tr>\r\n<tr>\r\n<td>\u00a0<\/td>\r\n<td>Neuer Weg (KiTa)<\/td>\r\n<\/tr>\r\n<tr>\r\n<td>\u00a0<\/td>\r\n<td>St\u00e4ndchen am Altenpflegeheim (Neuer Weg\/Ecke Drei Kronen)<\/td>\r\n<\/tr>\r\n<tr>\r\n<td>\u00a0<\/td>\r\n<td>Bahnhofstra\u00dfe<\/td>\r\n<\/tr>\r\n<tr>\r\n<td>\u00a0<\/td>\r\n<td>Fuhrhopsweg<\/td>\r\n<\/tr>\r\n<tr>\r\n<td>\u00a0<\/td>\r\n<td>Gartenstra\u00dfe<\/td>\r\n<\/tr>\r\n<tr>\r\n<td>08:45 Uhr<\/td>\r\n<td>Abholung Kommandeur Dr. Henrik Kohlmann und Corpsfahnen<\/td>\r\n<\/tr>\r\n<tr>\r\n<td>\u00a0<\/td>\r\n<td>Henriettenstra\u00dfe<\/td>\r\n<\/tr>\r\n<tr>\r\n<td>\u00a0<\/td>\r\n<td>Bahnhofstra\u00dfe<\/td>\r\n<\/tr>\r\n<tr>\r\n<td>\u00a0<\/td>\r\n<td>Harburger Stra\u00dfe<\/td>\r\n<\/tr>\r\n<tr>\r\n<td>\u00a0<\/td>\r\n<td>Deichend<\/td>\r\n<\/tr>\r\n<tr>\r\n<td>09:00 Uhr<\/td>\r\n<td>Rathaus: Abholung Fahnen, B\u00fcrgermeisterin, Stadtk\u00f6nig, Komitees und G\u00e4ste<\/td>\r\n<\/tr>\r\n<tr>\r\n<td>\u00a0<\/td>\r\n<td>Deichend<\/td>\r\n<\/tr>\r\n<tr>\r\n<td>\u00a0<\/td>\r\n<td>Henriettenstra\u00dfe<\/td>\r\n<\/tr>\r\n<tr>\r\n<td>\u00a0<\/td>\r\n<td>Gartenstra\u00dfe<\/td>\r\n<\/tr>\r\n<tr>\r\n<td>09:30 Uhr<\/td>\r\n<td>Abholung des Corpsk\u00f6nigs Leander Singh<\/td>\r\n<\/tr>\r\n<tr>\r\n<td>\u00a0<\/td>\r\n<td>\u00a0<\/td>\r\n<\/tr>\r\n<tr>\r\n<td>10:30 Uhr<\/td>\r\n<td>Gartenstra\u00dfe<\/td>\r\n<\/tr>\r\n<tr>\r\n<td>\u00a0<\/td>\r\n<td>Henriettenstra\u00dfe<\/td>\r\n<\/tr>\r\n<tr>\r\n<td>\u00a0<\/td>\r\n<td>Deichend<\/td>\r\n<\/tr>\r\n<tr>\r\n<td>\u00a0<\/td>\r\n<td>Am Friedensplatz<\/td>\r\n<\/tr>\r\n<tr>\r\n<td>\u00a0<\/td>\r\n<td>Lange Stra\u00dfe<\/td>\r\n<\/tr>\r\n<tr>\r\n<td>\u00a0<\/td>\r\n<td>Festplatz<\/td>\r\n<\/tr>\r\n<tr>\r\n<td>11:00 Uhr<\/td>\r\n<td>Jungsch\u00fctzenvereidigung auf dem Feldherrenh\u00fcgel<\/td>\r\n<\/tr>\r\n<tr>\r\n<td>\u00a0<\/td>\r\n<td>Vorbeimarsch auf der Paradestra\u00dfe<\/td>\r\n<\/tr>\r\n<tr>\r\n<td>\u00a0<\/td>\r\n<td>\u00a0<\/td>\r\n<\/tr>\r\n<tr>\r\n<td>18:00 Uhr<\/td>\r\n<td>Abmarsch zum neuen Corpsk\u00f6nig<\/td>\r\n<\/tr>\r\n<tr>\r\n<td>\u00a0<\/td>\r\n<td>(Marschstrecke wird durch Hauptmann und Polizei festgelegt.)<\/td>\r\n<\/tr>\r\n<tr>\r\n<td>\u00a0<\/td>\r\n<td>\u00a0<\/td>\r\n<\/tr>\r\n<tr>\r\n<td>20:30 \u2013 21:00 Uhr<\/td>\r\n<td>R\u00fcckmarsch vom Corpsk\u00f6nig zum Festplatz<\/td>\r\n<\/tr>\r\n<tr>\r\n<td>\u00a0<\/td>\r\n<td>(Marschstrecke wird durch Hauptmann und Polizei festgelegt.)<\/td>\r\n<\/tr>\r\n<tr>\r\n<td>\u00a0<\/td>\r\n<td>\u00a0<\/td>\r\n<\/tr>\r\n<tr>\r\n<td><strong>Freitag, 04.07.2025<\/strong><\/td>\r\n<td>\u00a0<\/td>\r\n<\/tr>\r\n<tr>\r\n<td>10:00 Uhr<\/td>\r\n<td>Lange Stra\u00dfe<\/td>\r\n<\/tr>\r\n<tr>\r\n<td>\u00a0<\/td>\r\n<td>Ringstra\u00dfe<\/td>\r\n<\/tr>\r\n<tr>\r\n<td>\u00a0<\/td>\r\n<td>Schulstra\u00dfe (evangelische KiTa)<\/td>\r\n<\/tr>\r\n<tr>\r\n<td>\u00a0<\/td>\r\n<td>R\u00f6mstedtstra\u00dfe<\/td>\r\n<\/tr>\r\n<tr>\r\n<td>\u00a0<\/td>\r\n<td>Harburger Stra\u00dfe<\/td>\r\n<\/tr>\r\n<tr>\r\n<td>\u00a0<\/td>\r\n<td>Deichend<\/td>\r\n<\/tr>\r\n<tr>\r\n<td>10:15 Uhr<\/td>\r\n<td>Rathaus: Abholung B\u00fcrgermeisterin, Kommandeurs, Fahnen, Komitees und G\u00e4ste<\/td>\r\n<\/tr>\r\n<tr>\r\n<td>\u00a0<\/td>\r\n<td>Deichend<\/td>\r\n<\/tr>\r\n<tr>\r\n<td>\u00a0<\/td>\r\n<td>An der Bahn<\/td>\r\n<\/tr>\r\n<tr>\r\n<td>\u00a0<\/td>\r\n<td>Lehnbergweg<\/td>\r\n<\/tr>\r\n<tr>\r\n<td>\u00a0<\/td>\r\n<td>Paulmannsweg\u00a0<\/td>\r\n<\/tr>\r\n<tr>\r\n<td>10:45 Uhr<\/td>\r\n<td>Abholung des Stadtk\u00f6nigs Carsten Siekmann\u00a0<\/td>\r\n<\/tr>\r\n<tr>\r\n<td>\u00a0<\/td>\r\n<td>\u00a0<\/td>\r\n<\/tr>\r\n<tr>\r\n<td>12:00 Uhr\u00a0\u00a0\u00a0\u00a0\u00a0\u00a0\u00a0\u00a0\u00a0\u00a0\u00a0\u00a0\u00a0\u00a0\u00a0\u00a0\u00a0<\/td>\r\n<td>Paulmannsweg<\/td>\r\n<\/tr>\r\n<tr>\r\n<td>\u00a0<\/td>\r\n<td>An der Bahn<\/td>\r\n<\/tr>\r\n<tr>\r\n<td>\u00a0<\/td>\r\n<td>Bahnhofstra\u00dfe<\/td>\r\n<\/tr>\r\n<tr>\r\n<td>\u00a0<\/td>\r\n<td>St\u00e4ndchen am Altenheim<\/td>\r\n<\/tr>\r\n<tr>\r\n<td>\u00a0<\/td>\r\n<td>Harburger Stra\u00dfe<\/td>\r\n<\/tr>\r\n<tr>\r\n<td>\u00a0<\/td>\r\n<td>Am Friedensplatz<\/td>\r\n<\/tr>\r\n<tr>\r\n<td>\u00a0<\/td>\r\n<td>Lukenstra\u00dfe<\/td>\r\n<\/tr>\r\n<tr>\r\n<td>\u00a0<\/td>\r\n<td>Vorbeimarsch am Stadthaus<\/td>\r\n<\/tr>\r\n<tr>\r\n<td>\u00a0<\/td>\r\n<td>\u00a0<\/td>\r\n<\/tr>\r\n<tr>\r\n<td>17:30 Uhr<\/td>\r\n<td>Abmarsch zum neuen Stadtk\u00f6nig<\/td>\r\n<\/tr>\r\n<tr>\r\n<td>\u00a0<\/td>\r\n<td>(Marschstrecke wird durch Hauptmann und Polizei festgelegt.)<\/td>\r\n<\/tr>\r\n<tr>\r\n<td>\u00a0<\/td>\r\n<td>\u00a0<\/td>\r\n<\/tr>\r\n<tr>\r\n<td>20:00 \u2013 20:30 Uhr<\/td>\r\n<td>R\u00fcckmarsch vom Stadtk\u00f6nig zum Festplatz<\/td>\r\n<\/tr>\r\n<tr>\r\n<td>\u00a0<\/td>\r\n<td>(Marschstrecke wird durch Hauptmann und Polizei festgelegt.)<\/td>\r\n<\/tr>\r\n<tr>\r\n<td>\u00a0<\/td>\r\n<td>\u00a0<\/td>\r\n<\/tr>\r\n<tr>\r\n<td><strong>Samstag, 05.07.2025<\/strong><\/td>\r\n<td>\u00a0<\/td>\r\n<\/tr>\r\n<tr>\r\n<td>09:00 Uhr<\/td>\r\n<td>Zuginterne Treffen,\u00a0<\/td>\r\n<\/tr>\r\n<tr>\r\n<td>\u00a0<\/td>\r\n<td>Jeder Zug stellt eigenes Begleitpersonal mit Warnwesten (evtl. Feuerwehrleute)<\/td>\r\n<\/tr>\r\n<tr>\r\n<td>\u00a0<\/td>\r\n<td>zur Verkehrssicherung. Einteilung erfolgt durch die Zugf\u00fchrer.<\/td>\r\n<\/tr>\r\n<tr>\r\n<td>\u00a0<\/td>\r\n<td>\u00a0<\/td>\r\n<\/tr>\r\n<tr>\r\n<td>13:00 Uhr<\/td>\r\n<td>Festumzug der Kinder<\/td>\r\n<\/tr>\r\n<tr>\r\n<td>\u00a0<\/td>\r\n<td>Deichend<\/td>\r\n<\/tr>\r\n<tr>\r\n<td>\u00a0<\/td>\r\n<td>Am Friedensplatz<\/td>\r\n<\/tr>\r\n<tr>\r\n<td>\u00a0<\/td>\r\n<td>Lange Stra\u00dfe<\/td>\r\n<\/tr>\r\n<tr>\r\n<td>\u00a0<\/td>\r\n<td>Festplatz<\/td>\r\n<\/tr>\r\n<tr>\r\n<td>\u00a0<\/td>\r\n<td>\u00a0<\/td>\r\n<\/tr>\r\n<tr>\r\n<td><strong>Sonntag, 06.07.2025<\/strong><\/td>\r\n<td>\u00a0<\/td>\r\n<\/tr>\r\n<tr>\r\n<td>15:30 Uhr<\/td>\r\n<td>Gro\u00dfer Festumzug<\/td>\r\n<\/tr>\r\n<tr>\r\n<td>\u00a0<\/td>\r\n<td>Aufstellung Festplatz und Lange Stra\u00dfe<\/td>\r\n<\/tr>\r\n<tr>\r\n<td>\u00a0<\/td>\r\n<td>Lange Stra\u00dfe<\/td>\r\n<\/tr>\r\n<tr>\r\n<td>\u00a0<\/td>\r\n<td>Am Friedensplatz<\/td>\r\n<\/tr>\r\n<tr>\r\n<td>\u00a0<\/td>\r\n<td>Deichend<\/td>\r\n<\/tr>\r\n<tr>\r\n<td>\u00a0<\/td>\r\n<td>Rathaus (Abholung des Stadtk\u00f6nigs, Komitee, Fahnen und G\u00e4ste)<\/td>\r\n<\/tr>\r\n<tr>\r\n<td>\u00a0<\/td>\r\n<td>Henriettenstra\u00dfe<\/td>\r\n<\/tr>\r\n<tr>\r\n<td>\u00a0<\/td>\r\n<td>Bahnhofstra\u00dfe<\/td>\r\n<\/tr>\r\n<tr>\r\n<td>\u00a0<\/td>\r\n<td>Bergstra\u00dfe<\/td>\r\n<\/tr>\r\n<tr>\r\n<td>\u00a0<\/td>\r\n<td>K\u00e4rrnerstra\u00dfe<\/td>\r\n<\/tr>\r\n<tr>\r\n<td>\u00a0<\/td>\r\n<td>Celler Stra\u00dfe<\/td>\r\n<\/tr>\r\n<tr>\r\n<td>\u00a0<\/td>\r\n<td>Harburger Stra\u00dfe<\/td>\r\n<\/tr>\r\n<tr>\r\n<td>\u00a0<\/td>\r\n<td>R\u00f6mstedtstra\u00dfe<\/td>\r\n<\/tr>\r\n<tr>\r\n<td>\u00a0<\/td>\r\n<td>Lange Stra\u00dfe<\/td>\r\n<\/tr>\r\n<tr>\r\n<td>\u00a0<\/td>\r\n<td>Festplatz<\/td>\r\n<\/tr>\r\n<tr>\r\n<td>\u00a0<\/td>\r\n<td>\u00a0<\/td>\r\n<\/tr>\r\n<tr>\r\n<td>22:00 Uhr<\/td>\r\n<td>Fackelumzug<\/td>\r\n<\/tr>\r\n<tr>\r\n<td>\u00a0<\/td>\r\n<td>Lange Stra\u00dfe<\/td>\r\n<\/tr>\r\n<tr>\r\n<td>\u00a0<\/td>\r\n<td>Am Friedensplatz<\/td>\r\n<\/tr>\r\n<tr>\r\n<td>\u00a0<\/td>\r\n<td>Deichend<\/td>\r\n<\/tr>\r\n<tr>\r\n<td>\u00a0<\/td>\r\n<td>\u00a0<\/td>\r\n<\/tr>\r\n<tr>\r\n<td>(\u00c4nderungen vorbehalten)<\/td>\r\n<td>\u00a0<\/td>\r\n<\/tr>\r\n<\/tbody>\r\n<\/table>\r\n\r\n\r\n\r\n<figure class=\"wp-block-table\"><\/figure>\r\n","protected":false},"excerpt":{"rendered":"<p>Ummarschstrecken 2025 (Version Sch\u00fctzencorps) Mittwoch, 02.07.2025 \u00a0 19.00 Uhr Deichend \u00a0 Am Friedensplatz \u00a0 Lange Str. \u00a0 Festplatz \u00a0 \u00a0 Donnerstag, 03.07.2025 \u00a0 08:30 Uhr Stadthaus \u00a0 Lukenstra\u00dfe (KiTa) \u00a0 M\u00fchlendamm \u00a0 Wiesenstra\u00dfe \u00a0 K\u00e4rrnerstra\u00dfe \u00a0 Bergstra\u00dfe \u00a0 Neuer Weg &hellip;<\/p>\n<p class=\"read-more\"> <a class=\"more-link\" href=\"https:\/\/wp.schuetzencorps.de\/?page_id=2649\"> <span class=\"screen-reader-text\">Ummarschstrecken 2025<\/span> Weiterlesen &raquo;<\/a><\/p>\n","protected":false},"author":1,"featured_media":0,"parent":273,"menu_order":2,"comment_status":"closed","ping_status":"closed","template":"","meta":{"footnotes":""},"class_list":["post-2649","page","type-page","status-publish","hentry"],"_links":{"self":[{"href":"https:\/\/wp.schuetzencorps.de\/index.php?rest_route=\/wp\/v2\/pages\/2649","targetHints":{"allow":["GET"]}}],"collection":[{"href":"https:\/\/wp.schuetzencorps.de\/index.php?rest_route=\/wp\/v2\/pages"}],"about":[{"href":"https:\/\/wp.schuetzencorps.de\/index.php?rest_route=\/wp\/v2\/types\/page"}],"author":[{"embeddable":true,"href":"https:\/\/wp.schuetzencorps.de\/index.php?rest_route=\/wp\/v2\/users\/1"}],"replies":[{"embeddable":true,"href":"https:\/\/wp.schuetzencorps.de\/index.php?rest_route=%2Fwp%2Fv2%2Fcomments&post=2649"}],"version-history":[{"count":18,"href":"https:\/\/wp.schuetzencorps.de\/index.php?rest_route=\/wp\/v2\/pages\/2649\/revisions"}],"predecessor-version":[{"id":4153,"href":"https:\/\/wp.schuetzencorps.de\/index.php?rest_route=\/wp\/v2\/pages\/2649\/revisions\/4153"}],"up":[{"embeddable":true,"href":"https:\/\/wp.schuetzencorps.de\/index.php?rest_route=\/wp\/v2\/pages\/273"}],"wp:attachment":[{"href":"https:\/\/wp.schuetzencorps.de\/index.php?rest_route=%2Fwp%2Fv2%2Fmedia&parent=2649"}],"curies":[{"name":"wp","href":"https:\/\/api.w.org\/{rel}","templated":true}]}}