{"id":278,"date":"2016-12-02T13:36:42","date_gmt":"2016-12-02T13:36:42","guid":{"rendered":"http:\/\/wp.schuetzencorps.de\/?page_id=278"},"modified":"2025-05-19T12:36:39","modified_gmt":"2025-05-19T12:36:39","slug":"kinderschuetzenfest","status":"publish","type":"page","link":"https:\/\/wp.schuetzencorps.de\/?page_id=278","title":{"rendered":"Kindersch\u00fctzenfest 2025"},"content":{"rendered":"\r\n<p><strong>Das Bergener Kindersch\u00fctzenfest\u00a0<br \/><\/strong>am Sonnabend, 05. Juli 2025<\/p>\r\n<table style=\"width: 47.2527%;\" width=\"538\">\r\n<tbody>\r\n<tr>\r\n<td style=\"width: 24.9183%;\">12.30 \u2013 13.00 Uhr<\/td>\r\n<td style=\"width: 102.612%;\">Platzkonzert auf dem Marktplatz<br \/>mit dem Spielmannszug S\u00fclze <br \/>Eintreffen der Kinder<\/td>\r\n<\/tr>\r\n<tr>\r\n<td style=\"width: 24.9183%;\">\u00a0<\/td>\r\n<td style=\"width: 102.612%;\">\u00a0<\/td>\r\n<\/tr>\r\n<tr>\r\n<td style=\"width: 24.9183%;\">13.00 Uhr<\/td>\r\n<td style=\"width: 102.612%;\">Festumzug der Kinder mit dem <br \/>Spielmannszug S\u00fclze und dem <br \/>Fanfarenzug Stadt Bergen von 1958 e.V.<\/td>\r\n<\/tr>\r\n<tr>\r\n<td style=\"width: 24.9183%;\">\u00a0<\/td>\r\n<td style=\"width: 102.612%;\">\u00a0<\/td>\r\n<\/tr>\r\n<tr>\r\n<td style=\"width: 24.9183%;\">ab 14.00 Uhr<\/td>\r\n<td style=\"width: 102.612%;\">Auf dem Festplatz<\/td>\r\n<\/tr>\r\n<tr>\r\n<td style=\"width: 24.9183%;\">bis 16.00 Uhr<\/td>\r\n<td style=\"width: 102.612%;\">Vogelstechen f\u00fcr Kinder bis zu 11 Jahren;<\/td>\r\n<\/tr>\r\n<tr>\r\n<td style=\"width: 24.9183%;\">\u00a0<\/td>\r\n<td style=\"width: 102.612%;\">Luftgewehrschie\u00dfen f\u00fcr Kinder von 12 \u2013 16 Jahren;<\/td>\r\n<\/tr>\r\n<tr>\r\n<td style=\"width: 24.9183%;\">\u00a0<\/td>\r\n<td style=\"width: 102.612%;\">Geschicklichkeits- und Unterhaltungsspiele<\/td>\r\n<\/tr>\r\n<tr>\r\n<td style=\"width: 24.9183%;\">\u00a0<\/td>\r\n<td style=\"width: 102.612%;\">\u00a0<\/td>\r\n<\/tr>\r\n<tr>\r\n<td style=\"width: 24.9183%;\">17.00 Uhr<\/td>\r\n<td style=\"width: 102.612%;\">Proklamation der Kinder- und Jugendk\u00f6nige <br \/>sowie des Juniorenpokals<\/td>\r\n<\/tr>\r\n<\/tbody>\r\n<\/table>\r\n<p><strong>Teilnahmebedingungen\u00a0<br \/><\/strong>f\u00fcr das Kindersch\u00fctzenfest am Sonnabend, 05. Juli 2025 im Heisterkamp<\/p>\r\n<p><strong>Kinderk\u00f6nige\u00a0<br \/><\/strong>Am Vogelstechen k\u00f6nnen sich alle Kinder im Alter von 6 \u2013 11 Jahren beteiligen<\/p>\r\n<p><strong>Jugendk\u00f6nige\u00a0<br \/><\/strong>Am Luftgewehrschie\u00dfen k\u00f6nnen sich alle Kinder im Alter von 12 \u2013 16 Jahren beteiligen<\/p>\r\n<p>1. Die K\u00f6nigs- und Ministerw\u00fcrde k\u00f6nnen jedoch nur Kinder erlangen, die\u00a0<br \/><u>a) ihren Wohnsitz in der Stadt Bergen Ortsteile haben<\/u> <strong>und\u00a0<br \/><\/strong><u>b) am Umzug teilgenommen und sich mit einem g\u00fcltigen Kontrollband ausweisen k\u00f6nnen<\/u>.<\/p>\r\n<p>2. Kontrollb\u00e4nder werden durch die Sch\u00fctzen am Rathaus ausgegeben. Verlorengegangene oder besch\u00e4digte Kontrollb\u00e4nder werden nicht ersetzt. Eine Haftung f\u00fcr evtl. Besch\u00e4digungen durch die Kontrollb\u00e4nder an der Bekleidung o.\u00e4. wird von der Stadt Bergen ausgeschlossen.<\/p>\r\n<p>3. An der weiteren Preisverteilung nehmen alle Kinder teil.<\/p>\r\n<p>4. Die Schie\u00dfleistungen werden wie folgt ausgewertet:<br \/>a) Luftgewehrschie\u00dfen:\u00a0Die Rangfolge wird durch den geschossenen \u201eTeiler\u201c bestimmt.\u00a0<br \/>b) Vogelstechen:\u00a0Der beste Flecktreffer ist entscheidend f\u00fcr die Erringung der K\u00f6nigs- und\u00a0Ministerw\u00fcrde. Die Vergabe der weiteren Preise richtet sich nach der erzielten\u00a0Ringzahl. Bei gleicher Ringzahl entscheidet das beste Schussbild.<\/p>\r\n<p><strong>Ende der Wettbewerbe ist um 16.00 Uhr.<\/strong><\/p>\r\n<p>29303 Bergen, im Mai 2025<\/p>\r\n<p>Claudia Dettmar-M\u00fcller<br \/>B\u00fcrgermeisterin<\/p>\r\n","protected":false},"excerpt":{"rendered":"<p>Das Bergener Kindersch\u00fctzenfest\u00a0am Sonnabend, 05. Juli 2025 12.30 \u2013 13.00 Uhr Platzkonzert auf dem Marktplatzmit dem Spielmannszug S\u00fclze Eintreffen der Kinder \u00a0 \u00a0 13.00 Uhr Festumzug der Kinder mit dem Spielmannszug S\u00fclze und dem Fanfarenzug Stadt Bergen von 1958 e.V. &hellip;<\/p>\n<p class=\"read-more\"> <a class=\"more-link\" href=\"https:\/\/wp.schuetzencorps.de\/?page_id=278\"> <span class=\"screen-reader-text\">Kindersch\u00fctzenfest 2025<\/span> Weiterlesen &raquo;<\/a><\/p>\n","protected":false},"author":1,"featured_media":0,"parent":2680,"menu_order":13,"comment_status":"closed","ping_status":"closed","template":"","meta":{"footnotes":""},"class_list":["post-278","page","type-page","status-publish","hentry"],"_links":{"self":[{"href":"https:\/\/wp.schuetzencorps.de\/index.php?rest_route=\/wp\/v2\/pages\/278","targetHints":{"allow":["GET"]}}],"collection":[{"href":"https:\/\/wp.schuetzencorps.de\/index.php?rest_route=\/wp\/v2\/pages"}],"about":[{"href":"https:\/\/wp.schuetzencorps.de\/index.php?rest_route=\/wp\/v2\/types\/page"}],"author":[{"embeddable":true,"href":"https:\/\/wp.schuetzencorps.de\/index.php?rest_route=\/wp\/v2\/users\/1"}],"replies":[{"embeddable":true,"href":"https:\/\/wp.schuetzencorps.de\/index.php?rest_route=%2Fwp%2Fv2%2Fcomments&post=278"}],"version-history":[{"count":13,"href":"https:\/\/wp.schuetzencorps.de\/index.php?rest_route=\/wp\/v2\/pages\/278\/revisions"}],"predecessor-version":[{"id":4154,"href":"https:\/\/wp.schuetzencorps.de\/index.php?rest_route=\/wp\/v2\/pages\/278\/revisions\/4154"}],"up":[{"embeddable":true,"href":"https:\/\/wp.schuetzencorps.de\/index.php?rest_route=\/wp\/v2\/pages\/2680"}],"wp:attachment":[{"href":"https:\/\/wp.schuetzencorps.de\/index.php?rest_route=%2Fwp%2Fv2%2Fmedia&parent=278"}],"curies":[{"name":"wp","href":"https:\/\/api.w.org\/{rel}","templated":true}]}}