{"id":2856,"date":"2018-06-09T11:11:38","date_gmt":"2018-06-09T11:11:38","guid":{"rendered":"https:\/\/wp.schuetzencorps.de\/?page_id=2856"},"modified":"2025-05-19T08:43:02","modified_gmt":"2025-05-19T08:43:02","slug":"grussworte-corpskoenig","status":"publish","type":"page","link":"https:\/\/wp.schuetzencorps.de\/?page_id=2856","title":{"rendered":"Gru\u00dfworte Corpsk\u00f6nig"},"content":{"rendered":"\r\n<p><strong>GRUSSWORT CORPSK\u00d6NIG 2024 -Leander Singh-<br \/><\/strong><\/p>\r\n<p><strong>Mein geliebtes Bergen,<\/strong><\/p>\r\n<p>wieder einmal beginnt die f\u00fcnfte Jahreszeit.<\/p>\r\n<p>W\u00e4hrend in anderen Landesteilen die K\u00f6lner Karnevalsmuffel oder M\u00fcnchener Wiesnfl\u00fcchtlinge den Volksfesten aus dem Weg gehen, hat unser Sch\u00fctzenfest eine magische Anziehungskraft. Die S\u00f6hne und T\u00f6chter Bergens pilgern in der ersten Juli Woche bundesweit in den Heisterkamp. Wie unsere Eichen sind wir fest verwurzelt mit diesem Ort, mit diesem Fest. Das Fest, das wie kein Zweites f\u00fcr Gleichheit unter Gleichen steht, das Jung und Alt begeistert. Von gr\u00fcn-wei\u00dfen F\u00e4hnchen im Kindergarten bis zu den M\u00e4rschen vorbei an geschm\u00fcckten Seniorenresidenzen. Das Fest, das durch so viele Freiwillige \u00fcberhaupt erst m\u00f6glich ist. Uns alle eint w\u00e4hrend dieser f\u00fcnf Tage eine besondere Verbundenheit und im Namen des Sch\u00fctzencorps m\u00f6chte ich allen Bergern f\u00fcr dieses kollektive Wir-Gef\u00fchl danken.<\/p>\r\n<p><strong>Nun zu meinen Sch\u00fctzenbr\u00fcdern:<\/strong><\/p>\r\n<p>Als ich letztes Jahr Donnerstagmorgen auf die n\u00e4chsten grauen Haare und meine nackte Uniform blickte, dachte ich mir: es wird Zeit f\u00fcr einen Orden. Zu den Worten \u201eTrink nicht so viel und komm nicht zu sp\u00e4t nach Hause\u2026\u201c marschierte ich los. Es kam, wie es kommen musste\u2026ich trank eventuell einen zu viel, so dass auf dem Schie\u00dfstand mein lieber Freund und Nachbar die Zw\u00f6lfen mitz\u00e4hlte und sagte: \u201eEine kannst du noch!\u201c. Als jemand, der vorher nie auch nur Fleck getroffen hatte, sp\u00fcrte ich den magischen Moment\u2026heute ist ein Orden m\u00f6glich! Es sollte ein sch\u00f6ner Orden werden.<\/p>\r\n<p>Der erste Minister war gl\u00fccklich, der alte Herr daheim war \u00fcbergl\u00fccklich und auch meine bessere H\u00e4lfte zuhause: denn wie gew\u00fcnscht kam ich fr\u00fch um 18:00 nach Hause. Im Gep\u00e4ck 300 Mann voll Bierdurst und Feierlaune. Danke, dass ihr die bayrische K\u00f6nigin so gut aufgenommen habt, f\u00fcr sie war es \u201ewie im M\u00e4rchen\u201c.<\/p>\r\n<p>Ich w\u00fcnsche Euch allen dieses besondere Gef\u00fchl auf dem Schie\u00dfstand und stets einen Sch\u00fctzenbruder an eurer Seite, der Euch ermutigt, dem Gef\u00fchl nachzugeben.<\/p>\r\n<p>Euer Corpsk\u00f6nig zu sein, war die gr\u00f6\u00dfte Freude, doch Teil unseres Corps zu sein, bleibt die gr\u00f6\u00dfte Freude.\u00a0<\/p>\r\n<p>Euer Leander<\/p>\r\n","protected":false},"excerpt":{"rendered":"<p>GRUSSWORT CORPSK\u00d6NIG 2024 -Leander Singh- Mein geliebtes Bergen, wieder einmal beginnt die f\u00fcnfte Jahreszeit. W\u00e4hrend in anderen Landesteilen die K\u00f6lner Karnevalsmuffel oder M\u00fcnchener Wiesnfl\u00fcchtlinge den Volksfesten aus dem Weg gehen, hat unser Sch\u00fctzenfest eine magische Anziehungskraft. Die S\u00f6hne und T\u00f6chter &hellip;<\/p>\n<p class=\"read-more\"> <a class=\"more-link\" href=\"https:\/\/wp.schuetzencorps.de\/?page_id=2856\"> <span class=\"screen-reader-text\">Gru\u00dfworte Corpsk\u00f6nig<\/span> Weiterlesen &raquo;<\/a><\/p>\n","protected":false},"author":1,"featured_media":0,"parent":265,"menu_order":0,"comment_status":"closed","ping_status":"closed","template":"","meta":{"footnotes":""},"class_list":["post-2856","page","type-page","status-publish","hentry"],"_links":{"self":[{"href":"https:\/\/wp.schuetzencorps.de\/index.php?rest_route=\/wp\/v2\/pages\/2856","targetHints":{"allow":["GET"]}}],"collection":[{"href":"https:\/\/wp.schuetzencorps.de\/index.php?rest_route=\/wp\/v2\/pages"}],"about":[{"href":"https:\/\/wp.schuetzencorps.de\/index.php?rest_route=\/wp\/v2\/types\/page"}],"author":[{"embeddable":true,"href":"https:\/\/wp.schuetzencorps.de\/index.php?rest_route=\/wp\/v2\/users\/1"}],"replies":[{"embeddable":true,"href":"https:\/\/wp.schuetzencorps.de\/index.php?rest_route=%2Fwp%2Fv2%2Fcomments&post=2856"}],"version-history":[{"count":12,"href":"https:\/\/wp.schuetzencorps.de\/index.php?rest_route=\/wp\/v2\/pages\/2856\/revisions"}],"predecessor-version":[{"id":4126,"href":"https:\/\/wp.schuetzencorps.de\/index.php?rest_route=\/wp\/v2\/pages\/2856\/revisions\/4126"}],"up":[{"embeddable":true,"href":"https:\/\/wp.schuetzencorps.de\/index.php?rest_route=\/wp\/v2\/pages\/265"}],"wp:attachment":[{"href":"https:\/\/wp.schuetzencorps.de\/index.php?rest_route=%2Fwp%2Fv2%2Fmedia&parent=2856"}],"curies":[{"name":"wp","href":"https:\/\/api.w.org\/{rel}","templated":true}]}}